
True
Does 192 divide 145980672?
True
Is 177 a factor of 113835603?
True
Is 932 a factor of 137473728?
True
Is 37 a factor of 2911678?
True
Is 50762603 a multiple of 29?
False
Does 91 divide 695621252?
False
Is 619045 a multiple of 509?
False
Does 31 divide 52706168?
False
Is 9826 a factor of 2947320506?
False
Does 9 divide 274036865?
False
Is 12 a factor of 17712252?
True
Is 75 a factor of 781577475?
True
Is 860347322 a multiple of 8356?
False
Is 25234708 a multiple of 226?
True
Is 3 a factor of 2274426?
True
Is 27 a factor of 43391514?
False
Is 91 a factor of 214921101?
False
Is 38 a factor of 158617814?
True
Is 722 a factor of 124896614?
True
Is 1346080 a multiple of 80?
True
Is 918 a factor of 1223559054?
True
Is 5 a factor of 3208757?
False
Is 36752086 a multiple of 14?
True
Does 36 divide 174100039?
False
Is 10146223 a multiple of 2386?
False
Is 15447426 a multiple of 74?
True
Is 67 a factor of 303443?
True
Is 34859826 a multiple of 44?
False
Is 12 a factor of 131607828?
True
Is 235137276 a multiple of 9?
True
Is 49 a factor of 1481368?
True
Is 9 a factor of 19332720?
True
Is 92 a factor of 15070275?
False
Does 41 divide 90687736?
True
Is 9 a factor of 7164416?
False
Does 19 divide 142665376?
True
Is 185 a factor of 1243911325?
True
Does 260 divide 1468350520?
True
Is 264 a factor of 2781159?
False
Does 141 divide 2292388575?
True
Does 12 divide 163698720?
True
Is 167252580 a multiple of 165?
True
Does 6 divide 216383922?
True
Does 1406 divide 162167885?
False
Is 42 a factor of 90344146?
False
Is 14 a factor of 104412?
True
Is 12 a factor of 336146028?
True
Is 1348 a factor of 1137392524?
True
Is 61537822 a multiple of 1105?
False
Is 1645 a factor of 127236276?
False
Is 55985926 a multiple of 1241?
False
Does 37 divide 144448918?
False
Is 11679780 a multiple of 35?
True
Does 3 divide 572160900?
True
Does 307 divide 15742960?
True
Does 3 divide 7978311?
True
Is 373 a factor of 7924758?
True
Is 132361408 a multiple of 20?
False
Does 1430 divide 627917876?
False
Is 178 a factor of 488803308?
True
Is 23 a factor of 905606?
False
Does 141 divide 219082839?
True
Is 7 a factor of 102247789?
True
Is 92847570 a multiple of 181?
True
Does 13 divide 20700537?
True
Does 27 divide 1769513391?
True
Does 9607 divide 144642992?
True
Is 62518037 a multiple of 3766?
False
Does 411 divide 485811610?
False
Is 492 a factor of 256567149?
False
Is 200538023 even?
False
Is 3940694221 a multiple of 773?
False
Does 2 divide 8806057?
False
Is 344 a factor of 31010221?
False
Is 5 a factor of 545695249?
False
Is 70 a factor of 17552500?
True
Is 356 a factor of 32233089?
False
Is 2477531255 a multiple of 2885?
True
Is 21952654 a multiple of 364?
False
Is 1524092835 a multiple of 93?
True
Is 152540010 a multiple of 15?
True
Does 17 divide 1437129?
True
Is 651086191 a multiple of 287?
True
Does 7 divide 1169958?
False
Does 47 divide 44938909?
True
Is 3969 a factor of 127813707?
True
Is 8 a factor of 1860721944?
True
Does 8 divide 173398096?
True
Does 116 divide 39846928?
True
Is 16 a factor of 5272304?
True
Is 93772406 a multiple of 91?
True
Does 3118 divide 93617950?
True
Is 59 a factor of 108918689?
False
Is 446 a factor of 1939240419?
False
Is 276978680 a multiple of 110?
True
Does 24 divide 163674864?
True
Is 12 a factor of 926514489?
False
Does 35 divide 5628315?
True
Is 38220955 a multiple of 400?
False
Is 2575748780 a multiple of 33?
False
Does 8 divide 1193524736?
True
Is 10186 a factor of 2904181390?
True
Is 57636161 a multiple of 977?
True
Does 32 divide 99136257?
False
Is 446239015 a multiple of 5?
True
Is 129 a factor of 532228200?
True
Is 63216556 a multiple of 61?
False
Does 25 divide 454192104?
False
Is 1088785151 a multiple of 7?
False
Is 269 a factor of 25199382?
True
Does 58 divide 8537078?
True
Is 2240 a factor of 120037120?
True
Is 62 a factor of 337093761?
False
Is 2 a factor of 125135607?
False
Does 1825 divide 2255820450?
True
Is 615398562 a multiple of 1146?
True
Does 108 divide 10240560?
True
Does 385 divide 17574135?
False
Is 18528100 a multiple of 116?
True
Is 4338881 a multiple of 433?
False
Does 174 divide 223292808?
True
Is 5892 a factor of 319422684?
False
Is 846 a factor of 238629528?
True
Is 113930460 a multiple of 3990?
True
Is 2058304800 a multiple of 7212?
True
Is 50530725 a multiple of 525?
True
Is 516 a factor of 1200372363?
False
Is 126169838 a multiple of 62?
False
Is 4542971254 a multiple of 1017?
False
Is 14287770 a multiple of 6?
True
Is 124 a factor of 111324347?
False
Is 14 a factor of 25375132?
False
Does 26 divide 29359543?
False
Is 70208905 a multiple of 18?
False
Is 2471 a factor of 824871691?
True
Is 3952219 a multiple of 31?
False
Does 1545 divide 400227615?
True
Is 1534611944 a multiple of 878?
False
Is 117 a factor of 319011278?
False
Does 418 divide 782388572?
False
Is 2807166285 a multiple of 165?
True
Is 98 a factor of 1648487596?
True
Does 55 divide 88257395?
False
Does 9184 divide 146760320?
True
Is 6623 a factor of 961838421?
True
Does 538 divide 480055786?
True
Is 65481156 a multiple of 117?
True
Does 37 divide 274022?
True
Is 5532652 a multiple of 47?
True
Does 6066 divide 335952467?
False
Is 11253629 a multiple of 853?
True
Does 28 divide 272718096?
True
Is 74 a factor of 144541670?
False
Is 10 a factor of 41223734?
False
Is 213 a factor of 212169726?
True
Is 34 a factor of 6778716?
True
Is 90686960 a multiple of 112?
True
Is 25 a factor of 689849859?
False
Does 9809 divide 4470853919?
True
Does 70 divide 3532200?
True
Does 20 divide 19550912?
False
Does 20 divide 150726100?
True
Does 364 divide 320873490?
False
Is 11 a factor of 3273063?
False
Is 179 a factor of 2513739606?
False
Does 4224 divide 2474782464?
True
Is 200 a factor of 1781649800?
True
Is 21213997 a multiple of 97?
True
Does 11 divide 204704736?
False
Is 7 a factor of 63065394?
True
Does 6 divide 39145434?
True
Is 3770 a factor of 194005534?
False
Does 8 divide 299055658?
False
Is 88731350 a multiple of 11?
False
Is 28951761 a multiple of 2039?
True
Is 20 a factor of 715604219?
False
Is 276922752 a multiple of 344?
True
Is 392967139 a multiple of 29?
True
Is 102 a factor of 2045528808?
True
Is 113 a factor of 1609876021?
False
Is 21686919 a multiple of 393?
True
Is 47866518 a multiple of 42?
True
Is 468 a factor of 12714156?
True
Is 164673851 a multiple of 18?
False
Does 2489 divide 134590452?
False
Is 3 a factor of 692501356?
False
Does 820 divide 26117820?
True
Is 26268736 a multiple of 16?
True
Does 1549 divide 78137756?
True
Does 37 divide 150418986?
True
Is 17670240 a multiple of 336?
True
Is 32 a factor of 770062493?
False
Is 3514 a factor of 67444202?
True
Is 471936608 a multiple of 32?
True
Is 2034876 a multiple of 151?
True
Is 1958484644 a multiple of 74?
False
Is 33 a factor of 5236461?
False
Is 31 a factor of 17382010?
True
Does 1060 divide 1499162966?
False
Does 118 divide 474092612?
True
Is 34670524 a multiple of 28?
True
Is 385 a factor of 74664234?
False
Does 57 divide 195794694?
False
Does 696 divide 2028763?
False
Is 1236313474 a multiple of 336?
False
Is 931 a factor of 24631806?
False
Is 1239 a factor of 1305151449?
True
Does 40 divide 143388799?
False
Does 598 divide 496942784?
True
Does 636 divide 375431436?
True
Does 8 divide 10602296?
True
Is 333013377 a multiple of 93?
True
Is 470 a factor of 24288555?
False
Does 228 divide 131592480?
True
Is 552721179 a multiple of 73?
True
Is 38523156 a multiple of 84?
True
Does 47 divide 844566248?
False
Is 52 a factor of 157631371?
False
Is 3899 a factor of 93315492?
False
Does 79 divide 26344294?
False
Does 931 divide 2397307812?
False
Is 20872219 a multiple of 574?
False
Is 234 a factor of 270699693?
False
Does 194 divide 16967439?
False
Is 5670816 a multiple of 96?
True
Does 66 divide 65239063?
False
Is 180 a factor of 1374479100?
True
Is 14 a factor of 565503862?
True
Is 258503346 a multiple of 15?
False
Is 270 a factor of 208501227?
False
Is 23464672 a multiple of 224?
True
Is 197 a factor of 1237880227?
False
Is 991 a factor of 22634305?
False
Is 2795 a factor of 237162602?
False
Is 2158 a factor of 31873660?
True
Does 13 divide 3054411695?
False
Is 3537 a factor of 380414961?
True
Is 64 a factor of 129984256?
True
Does 487 divide 5961366026?
True
Is 182356928 a multiple o